{"id":6,"date":"2025-10-02T07:52:28","date_gmt":"2025-10-02T07:52:28","guid":{"rendered":"http:\/\/dulinski.com.pl\/?page_id=6"},"modified":"2026-04-01T05:52:14","modified_gmt":"2026-04-01T05:52:14","slug":"strona-domowa","status":"publish","type":"page","link":"https:\/\/dulinski.com.pl\/","title":{"rendered":"Start"},"content":{"rendered":"\t\t<div data-elementor-type=\"wp-page\" data-elementor-id=\"6\" class=\"elementor elementor-6\">\n\t\t\t\t<div class=\"elementor-element elementor-element-a79c6fd e-flex e-con-boxed e-con e-parent\" data-id=\"a79c6fd\" data-element_type=\"container\" data-e-type=\"container\">\n\t\t\t\t\t<div class=\"e-con-inner\">\n\t\t\t\t<div class=\"elementor-element elementor-element-33102e8 elementor-widget elementor-widget-image\" data-id=\"33102e8\" data-element_type=\"widget\" data-e-type=\"widget\" data-widget_type=\"image.default\">\n\t\t\t\t\t\t\t\t\t\t\t\t\t\t\t<img fetchpriority=\"high\" decoding=\"async\" width=\"1408\" height=\"479\" src=\"http:\/\/dulinski.com.pl\/wp-content\/uploads\/2025\/10\/head.jpg\" class=\"attachment-full size-full wp-image-55\" alt=\"\" srcset=\"http:\/\/dulinski.com.pl\/wp-content\/uploads\/2025\/10\/head.jpg 1408w, http:\/\/dulinski.com.pl\/wp-content\/uploads\/2025\/10\/head-300x102.jpg 300w, http:\/\/dulinski.com.pl\/wp-content\/uploads\/2025\/10\/head-1024x348.jpg 1024w, http:\/\/dulinski.com.pl\/wp-content\/uploads\/2025\/10\/head-768x261.jpg 768w\" sizes=\"(max-width: 1408px) 100vw, 1408px\" \/>\t\t\t\t\t\t\t\t\t\t\t\t\t\t\t<\/div>\n\t\t\t\t\t<\/div>\n\t\t\t\t<\/div>\n\t\t<div class=\"elementor-element elementor-element-94d4d90 e-flex e-con-boxed e-con e-parent\" data-id=\"94d4d90\" data-element_type=\"container\" data-e-type=\"container\">\n\t\t\t\t\t<div class=\"e-con-inner\">\n\t\t\t\t<div class=\"elementor-element elementor-element-ade342d elementor-widget elementor-widget-heading\" data-id=\"ade342d\" data-element_type=\"widget\" data-e-type=\"widget\" data-widget_type=\"heading.default\">\n\t\t\t\t\t<h2 class=\"elementor-heading-title elementor-size-default\">Zbuduj\u0119 Tw\u00f3j Spok\u00f3j<\/h2>\t\t\t\t<\/div>\n\t\t\t\t\t<\/div>\n\t\t\t\t<\/div>\n\t\t<div class=\"elementor-element elementor-element-394141c e-flex e-con-boxed e-con e-parent\" data-id=\"394141c\" data-element_type=\"container\" data-e-type=\"container\">\n\t\t\t\t\t<div class=\"e-con-inner\">\n\t\t\t\t<div class=\"elementor-element elementor-element-3c1e664 elementor-widget elementor-widget-text-editor\" data-id=\"3c1e664\" data-element_type=\"widget\" data-e-type=\"widget\" data-widget_type=\"text-editor.default\">\n\t\t\t\t\t\t\t\t\t<p><img decoding=\"async\" class=\"size-medium wp-image-57 alignright\" src=\"http:\/\/dulinski.com.pl\/wp-content\/uploads\/2025\/10\/leszek-300x294.jpg\" alt=\"\" width=\"300\" height=\"294\" srcset=\"https:\/\/dulinski.com.pl\/wp-content\/uploads\/2025\/10\/leszek-300x294.jpg 300w, https:\/\/dulinski.com.pl\/wp-content\/uploads\/2025\/10\/leszek-768x751.jpg 768w, https:\/\/dulinski.com.pl\/wp-content\/uploads\/2025\/10\/leszek.jpg 880w\" sizes=\"(max-width: 300px) 100vw, 300px\" \/>Wszystkie troski, zmartwienia i problemy zwi\u0105zane z drewnem w Twojej przestrzeni bior\u0119 na siebie. Nie musisz si\u0119 martwi\u0107 o nic.<\/p><p>Budowa domu, konstrukcj\u0119 ciesielskie, prace stolarskie jak i architektura ogrodowa &#8211; wszystko to ogarniam koncertowo. Zatem zapraszam do skorzystania z mojego do\u015bwiadczenia i wiedzy w zakresie obr\u00f3bki drewna<span style=\"font-style: inherit;\">.<\/span><\/p><p>Leszek\u00a0<\/p><p>733 741 444<\/p>\t\t\t\t\t\t\t\t<\/div>\n\t\t\t\t\t<\/div>\n\t\t\t\t<\/div>\n\t\t<div class=\"elementor-element elementor-element-08c421d e-flex e-con-boxed e-con e-parent\" data-id=\"08c421d\" data-element_type=\"container\" data-e-type=\"container\">\n\t\t\t\t\t<div class=\"e-con-inner\">\n\t\t\t\t<div class=\"elementor-element elementor-element-c34cfbe elementor-widget elementor-widget-image\" data-id=\"c34cfbe\" data-element_type=\"widget\" data-e-type=\"widget\" data-widget_type=\"image.default\">\n\t\t\t\t\t\t\t\t\t\t\t\t\t\t\t<img decoding=\"async\" src=\"http:\/\/dulinski.com.pl\/wp-content\/uploads\/elementor\/thumbs\/napis-rcxr8b6059yvhvpjxwbze4222d3d15u88vvzu6hjlo.png\" title=\"napis\" alt=\"napis\" loading=\"lazy\" \/>\t\t\t\t\t\t\t\t\t\t\t\t\t\t\t<\/div>\n\t\t\t\t\t<\/div>\n\t\t\t\t<\/div>\n\t\t<div class=\"elementor-element elementor-element-458e840 e-flex e-con-boxed e-con e-parent\" data-id=\"458e840\" data-element_type=\"container\" data-e-type=\"container\">\n\t\t\t\t\t<div class=\"e-con-inner\">\n\t\t\t\t<div class=\"elementor-element elementor-element-6fac46e elementor-widget elementor-widget-heading\" data-id=\"6fac46e\" data-element_type=\"widget\" data-e-type=\"widget\" data-widget_type=\"heading.default\">\n\t\t\t\t\t<h2 class=\"elementor-heading-title elementor-size-default\">Jestem tu:<\/h2>\t\t\t\t<\/div>\n\t\t\t\t\t<\/div>\n\t\t\t\t<\/div>\n\t\t<div class=\"elementor-element elementor-element-5d4a0f9 e-grid e-con-boxed e-con e-parent\" data-id=\"5d4a0f9\" data-element_type=\"container\" data-e-type=\"container\">\n\t\t\t\t\t<div class=\"e-con-inner\">\n\t\t\t\t<div class=\"elementor-element elementor-element-6eed0a9 elementor-widget elementor-widget-image\" data-id=\"6eed0a9\" data-element_type=\"widget\" data-e-type=\"widget\" data-widget_type=\"image.default\">\n\t\t\t\t\t\t\t\t\t\t\t\t<figure class=\"wp-caption\">\n\t\t\t\t\t\t\t\t\t\t\t<a href=\"https:\/\/domy.dulinski.com.pl\">\n\t\t\t\t\t\t\t<img decoding=\"async\" width=\"200\" height=\"150\" src=\"http:\/\/dulinski.com.pl\/wp-content\/uploads\/2025\/10\/domy.png\" class=\"attachment-large size-large wp-image-59\" alt=\"Budownictwo Szkieletowe\" \/>\t\t\t\t\t\t\t\t<\/a>\n\t\t\t\t\t\t\t\t\t\t\t<figcaption class=\"widget-image-caption wp-caption-text\">Budownictwo Szkieletowe<\/figcaption>\n\t\t\t\t\t\t\t\t\t\t<\/figure>\n\t\t\t\t\t\t\t\t\t<\/div>\n\t\t\t\t<div class=\"elementor-element elementor-element-cdc2acc elementor-widget elementor-widget-image\" data-id=\"cdc2acc\" data-element_type=\"widget\" data-e-type=\"widget\" data-widget_type=\"image.default\">\n\t\t\t\t\t\t\t\t\t\t\t\t<figure class=\"wp-caption\">\n\t\t\t\t\t\t\t\t\t\t\t<a href=\"http:\/\/stolarzmistrz.pl\">\n\t\t\t\t\t\t\t<img loading=\"lazy\" decoding=\"async\" width=\"200\" height=\"150\" src=\"http:\/\/dulinski.com.pl\/wp-content\/uploads\/2025\/10\/ogrod.png\" class=\"attachment-large size-large wp-image-60\" alt=\"Architektura Ogrodowa\" \/>\t\t\t\t\t\t\t\t<\/a>\n\t\t\t\t\t\t\t\t\t\t\t<figcaption class=\"widget-image-caption wp-caption-text\">Architektura Ogrodowa<\/figcaption>\n\t\t\t\t\t\t\t\t\t\t<\/figure>\n\t\t\t\t\t\t\t\t\t<\/div>\n\t\t\t\t<div class=\"elementor-element elementor-element-c44d697 elementor-widget elementor-widget-image\" data-id=\"c44d697\" data-element_type=\"widget\" data-e-type=\"widget\" data-widget_type=\"image.default\">\n\t\t\t\t\t\t\t\t\t\t\t\t<figure class=\"wp-caption\">\n\t\t\t\t\t\t\t\t\t\t\t<a href=\"http:\/\/wheelness.eu\">\n\t\t\t\t\t\t\t<img loading=\"lazy\" decoding=\"async\" width=\"200\" height=\"150\" src=\"http:\/\/dulinski.com.pl\/wp-content\/uploads\/2025\/10\/sauny.png\" class=\"attachment-large size-large wp-image-62\" alt=\"Sauny\" \/>\t\t\t\t\t\t\t\t<\/a>\n\t\t\t\t\t\t\t\t\t\t\t<figcaption class=\"widget-image-caption wp-caption-text\">Sauny<\/figcaption>\n\t\t\t\t\t\t\t\t\t\t<\/figure>\n\t\t\t\t\t\t\t\t\t<\/div>\n\t\t\t\t<div class=\"elementor-element elementor-element-85eb1c0 elementor-widget elementor-widget-image\" data-id=\"85eb1c0\" data-element_type=\"widget\" data-e-type=\"widget\" data-widget_type=\"image.default\">\n\t\t\t\t\t\t\t\t\t\t\t\t<figure class=\"wp-caption\">\n\t\t\t\t\t\t\t\t\t\t\t<a href=\"https:\/\/drzazgaiwior.pl\">\n\t\t\t\t\t\t\t<img loading=\"lazy\" decoding=\"async\" width=\"200\" height=\"150\" src=\"http:\/\/dulinski.com.pl\/wp-content\/uploads\/2025\/10\/kursy.png\" class=\"attachment-large size-large wp-image-61\" alt=\"Kursy Stolarskie\" \/>\t\t\t\t\t\t\t\t<\/a>\n\t\t\t\t\t\t\t\t\t\t\t<figcaption class=\"widget-image-caption wp-caption-text\">Kursy Stolarskie<\/figcaption>\n\t\t\t\t\t\t\t\t\t\t<\/figure>\n\t\t\t\t\t\t\t\t\t<\/div>\n\t\t\t\t\t<\/div>\n\t\t\t\t<\/div>\n\t\t\t\t<\/div>\n\t\t","protected":false},"excerpt":{"rendered":"<p>Zbuduj\u0119 Tw\u00f3j Spok\u00f3j Wszystkie troski, zmartwienia i problemy zwi\u0105zane z drewnem w Twojej przestrzeni bior\u0119 na siebie. Nie musisz si\u0119 [&hellip;]<\/p>\n","protected":false},"author":1,"featured_media":0,"parent":0,"menu_order":0,"comment_status":"closed","ping_status":"closed","template":"","meta":{"site-sidebar-layout":"no-sidebar","site-content-layout":"plain-container","ast-site-content-layout":"default","site-content-style":"default","site-sidebar-style":"default","ast-global-header-display":"","ast-banner-title-visibility":"","ast-main-header-display":"","ast-hfb-above-header-display":"","ast-hfb-below-header-display":"","ast-hfb-mobile-header-display":"","site-post-title":"disabled","ast-breadcrumbs-content":"","ast-featured-img":"","footer-sml-layout":"","theme-transparent-header-meta":"enabled","adv-header-id-meta":"","stick-header-meta":"","header-above-stick-meta":"","header-main-stick-meta":"","header-below-stick-meta":"","astra-migrate-meta-layouts":"default","ast-page-background-enabled":"default","ast-page-background-meta":{"desktop":{"background-color":"var(--ast-global-color-5)","background-image":"","background-repeat":"repeat","background-position":"center center","background-size":"auto","background-attachment":"scroll","background-type":"","background-media":"","overlay-type":"","overlay-color":"","overlay-opacity":"","overlay-gradient":""},"tablet":{"background-color":"","background-image":"","background-repeat":"repeat","background-position":"center center","background-size":"auto","background-attachment":"scroll","background-type":"","background-media":"","overlay-type":"","overlay-color":"","overlay-opacity":"","overlay-gradient":""},"mobile":{"background-color":"","background-image":"","background-repeat":"repeat","background-position":"center center","background-size":"auto","background-attachment":"scroll","background-type":"","background-media":"","overlay-type":"","overlay-color":"","overlay-opacity":"","overlay-gradient":""}},"ast-content-background-meta":{"desktop":{"background-color":"var(--ast-global-color-4)","background-image":"","background-repeat":"repeat","background-position":"center center","background-size":"auto","background-attachment":"scroll","background-type":"","background-media":"","overlay-type":"","overlay-color":"","overlay-opacity":"","overlay-gradient":""},"tablet":{"background-color":"var(--ast-global-color-4)","background-image":"","background-repeat":"repeat","background-position":"center center","background-size":"auto","background-attachment":"scroll","background-type":"","background-media":"","overlay-type":"","overlay-color":"","overlay-opacity":"","overlay-gradient":""},"mobile":{"background-color":"var(--ast-global-color-4)","background-image":"","background-repeat":"repeat","background-position":"center center","background-size":"auto","background-attachment":"scroll","background-type":"","background-media":"","overlay-type":"","overlay-color":"","overlay-opacity":"","overlay-gradient":""}},"footnotes":""},"class_list":["post-6","page","type-page","status-publish","hentry"],"_links":{"self":[{"href":"https:\/\/dulinski.com.pl\/index.php?rest_route=\/wp\/v2\/pages\/6","targetHints":{"allow":["GET"]}}],"collection":[{"href":"https:\/\/dulinski.com.pl\/index.php?rest_route=\/wp\/v2\/pages"}],"about":[{"href":"https:\/\/dulinski.com.pl\/index.php?rest_route=\/wp\/v2\/types\/page"}],"author":[{"embeddable":true,"href":"https:\/\/dulinski.com.pl\/index.php?rest_route=\/wp\/v2\/users\/1"}],"replies":[{"embeddable":true,"href":"https:\/\/dulinski.com.pl\/index.php?rest_route=%2Fwp%2Fv2%2Fcomments&post=6"}],"version-history":[{"count":138,"href":"https:\/\/dulinski.com.pl\/index.php?rest_route=\/wp\/v2\/pages\/6\/revisions"}],"predecessor-version":[{"id":301,"href":"https:\/\/dulinski.com.pl\/index.php?rest_route=\/wp\/v2\/pages\/6\/revisions\/301"}],"wp:attachment":[{"href":"https:\/\/dulinski.com.pl\/index.php?rest_route=%2Fwp%2Fv2%2Fmedia&parent=6"}],"curies":[{"name":"wp","href":"https:\/\/api.w.org\/{rel}","templated":true}]}}